te the remainder when 38 is divided by c.
16
Suppose -98 = -8*c + 286. Let w(m) = 49*m + 42. What is the remainder when w(2) is divided by c?
44
Let h = 245 - -194. Calculate the remainder when h is divided by 55.
54
Suppose -4*o + 180 = 4*k, -3*k - 11*o = -6*o - 135. What is the remainder when k is divided by 16?
13
Suppose -2*x = -35 - 41. Calculate the remainder when 645 is divided by x.
37
Suppose 2*p + 1 = 3*t + 29, 0 = -p - 3*t - 4. Suppose -2*k + 8 = -0, 0 = 4*n - 4*k - p. Calculate the remainder when 13 is divided by n.
1
Let m(c) = 2*c + 4. Let n = -6 - -3. Let g be m(n). What is the remainder when 34 is divided by (g/(-4))/(2/48)?
10
Suppose -v = 4*t - 131, -2*t - 3*v + 58 = -v. Let j = -2 + 2. Calculate the remainder when t is divided by (j + 1*-6)*-2.
10
Calculate the remainder when 181 is divided by (2/3)/(-2) - (-800)/60.
12
Calculate the remainder when 95 is divided by 5/(-80)*4*-12 - -39.
11
What is the remainder when 3 + -9 + (1 - -12) is divided by 4?
3
Let v = 97 - 33. Suppose -5*t = -2*f - 93, -5*t = -t + f - v. What is the remainder when 65 is divided by t?
14
Let j = -97 - -206. Calculate the remainder when j is divided by 28.
25
Suppose -44 = -2*r - 4*q, r + 3*q + 7 = 29. Suppose -2*s = -2, -6*y = -2*y + 3*s - 347. What is the remainder when y is divided by r?
20
Suppose 6*n - 3*n = 84. Suppose 15 = -8*q + 63. Calculate the remainder when n is divided by q.
4
Suppose 5*i = q + 118 + 810, 3*q + 738 = 4*i. What is the remainder when i is divided by 19?
15
Suppose -72*b + 1198 + 602 = 0. Calculate the remainder when 64 is divided by b.
14
Let a = -342 - -372. Calculate the remainder when a is divided by 12.
6
Suppose 0 = -5*g - 9077 - 5423. What is the remainder when 115 is divided by 1/4*g/(-25)?
28
Let p(z) = 2*z + 13. Let q(l) = l**3 + 15*l**2 + 14*l + 7. Let c be q(-14). What is the remainder when p(c) is divided by 14?
13
Suppose -c = 5*w - 121, 10*w - 11*w = -c + 151. Calculate the remainder when c is divided by 39.
29
Let l = -171 - -258. Suppose 0 = 3*n - 39 - l. Calculate the remainder when n is divided by (1 - 0)/((-1)/(-11)).
9
Let p = -32 + 105. What is the remainder when p is divided by 15?
13
Suppose -5*c + 24*o - 22*o + 1861 = 0, 5*o + 1128 = 3*c. Calculate the remainder when c is divided by 11.
8
Let o(j) = 116*j - 51. What is the remainder when o(6) is divided by 81?
78
Let k = 0 + 15. Let r(f) = -12*f - 16. What is the remainder when r(-5) is divided by k?
14
Suppose 15 = 3*t, 4*w + 3*t - 12 = 5*w. Suppose -2*p - 4*r + 66 = 0, w*p - 4*r + 48 = 137. Calculate the remainder when p is divided by (-42 - -45)*(-11)/(-3).
9
Let j(c) = -18*c + 282. What is the remainder when 526 is divided by j(13)?
46
Let d = -432 + 500. What is the remainder when d is divided by 16?
4
Suppose 3*s = 4*z + 4, 2*z - 7 = -2*s + 5. Suppose -58 = -4*o - 2*m + s*m, 4*m - 20 = 0. What is the remainder when 50 is divided by o?
16
Let u = 327 + -124. Calculate the remainder when u is divided by 12.
11
Let q = 37 - -70. Let i(b) = -2*b**2 + 30*b + 22. Calculate the remainder when q is divided by i(15).
19
Suppose 0 = -3*v + 2*a - 72, -4*a - 7 - 5 = 0. Let p be 5/5*(-16 + -1). Let w = p - v. What is the remainder when w is divided by 6?
3
Let y(d) = 50*d - 148. Let i(j) = 7*j - 21. Let z(x) = -44*i(x) + 6*y(x). Let g(a) = 3*a**2 - 2*a - 1. What is the remainder when z(3) is divided by g(2)?
5
Let k = -11 + 28. Suppose 268 + 174 = k*b. Calculate the remainder when 74 is divided by b.
22
Suppose -2*r + 114 = 4*k - r, k - 26 = r. Calculate the remainder when k is divided by (-32)/(-2) - (-4)/(40/(-30)).
2
Calculate the remainder when 45 is divided by 6*2/(-21) + (-2160)/(-105).
5
Let u(h) = 2*h**2 + 207*h + 548. Let j(v) = v**3 + 6*v**2 + 3*v + 1. What is the remainder when u(-101) is divided by j(-5)?
10
Let z = 350 + -52. Suppose -4*i - x = -382, 0 = 4*i - i - 5*x - z. Calculate the remainder when i is divided by 25.
21
Let s(v) be the third derivative of v**4/24 + 7*v**3/2 - 11*v**2. What is the remainder when 47 is divided by s(-7)?
5
Let q(t) = -185*t + 101. Calculate the remainder when q(-2) is divided by 8.
7
Let h = 14 + -12. Suppose 5*n = s - 105 - 0, -h*s = 2*n - 174. What is the remainder when s is divided by 31?
28
Suppose 0 = w - 13 - 1. Suppose w*y = 13*y + 136. Calculate the remainder when y is divided by 46.
44
Let l be (1 + 14)*(-10)/30. Calculate the remainder when 129 is divided by 4/(2/((-110)/l)).
41
Suppose g + 108 = 3*k + 4*g, 28 = k - 3*g. Suppose 5*s - 66 = -11. Calculate the remainder when k is divided by s.
1
Suppose 2*c + 402 = 5*b - 226, -492 = -4*b - c. Calculate the remainder when b is divided by 9.
7
Let f be (-2)/(-11) - (-84)/22. Let m be (2/f)/((-7)/(-840)). Let o = 106 - m. Calculate the remainder when o is divided by 16.
14
Suppose 5*v - 425 = -5*s, 4*v = 4*s + 3*v - 325. Calculate the remainder when 312 is divided by s.
66
Let n = 1636 + -1543. Calculate the remainder when 739 is divided by n.
88
Let h(z) = 9*z**2 - 3. Let v(a) = -a + 9. Let d(o) = 2*o - 1. Let n be d(-5). What is the remainder when h(3) is divided by v(n)?
18
Suppose -4*s - 5*a + 2186 = 0, -21*a + 16*a - 1108 = -2*s. Calculate the remainder when s is divided by 46.
43
Calculate the remainder when (-4 - -5 - -2)/3 + 30 is divided by 20.
11
Let x(a) = -1 + a - a**2 - 5*a**3 - 7*a**3 + a. What is the remainder when x(-2) is divided by 3/((-39)/(-143)) + 12?
18
Suppose 0 = 2*w - 11 - 9. Suppose 4*r + r - w = 0. Let i(m) = 55*m - 4. Calculate the remainder when i(r) is divided by 27.
25
Suppose -15 = -2*h + 11. Let v = 81 + -57. What is the remainder when v is divided by h?
11
Let t = 352 - 56. Let f = -159 + t. What is the remainder when f is divided by 14?
11
Calculate the remainder when 8 + -4 + 174/3 is divided by 6.
2
Let v = -42 - -107. Suppose -v = 2*h - 7*h. What is the remainder when h is divided by 4 - 0 - (-2 - 0) - 2?
1
Let w = 11 + -7. Suppose 5*v - 69 = -w. Suppose -4*a + 3*n + 144 = 5*n, 4*a = n + 156. Calculate the remainder when a is divided by v.
12
Let q(p) = -p**3 - 3*p**2 + 5*p + 6. Let k be q(-4). Suppose -k*c + 35 = -3*w, -c + 0*w + w = -16. Calculate the remainder when 49 is divided by c.
10
Suppose d + 3*y + 17 = 0, -2*y - 3 + 11 = 0. Let q = 39 + d. Calculate the remainder when 19 is divided by q.
9
Suppose -10 = 7*c + 4. Let j(q) = 4*q**2 - q - 2. What is the remainder when 45 is divided by j(c)?
13
Let g be 4 - 1/1*-31. Suppose 0 = 5*w - g - 45. What is the remainder when 58 is divided by w?
10
Suppose 0 = 6*q - 196 - 182. Suppose 0 = -5*k + 2*t + q, 3*t - 40 = -4*k + 2*t. What is the remainder when k is divided by 3?
2
Let m(j) = j**2 + 7*j + 4. Let i be m(-2). Calculate the remainder when 7*2/i*-6 is divided by 4.
2
Let d(x) = -4*x - 2. Suppose -s + 3 = -4*s. What is the remainder when d(-10) is divided by 8/s*10/(-8)?
8
Let n = -190 - -215. Calculate the remainder when 46 + 1 + (1 - -1) is divided by n.
24
Let v(y) = -16*y - 2. Let l(d) = -d**3 + 7*d**2 + 8*d + 3. Calculate the remainder when l(7) is divided by v(-2).
29
Let h(z) = -112*z - 404. Calculate the remainder when 150 is divided by h(-4).
18
Suppose 0*p - 38*p = -1064. Calculate the remainder when p is divided by 11.
6
Let c(a) = 10 + 0*a**2 + 3*a**2 - 8 + 2*a + 6*a**2. Suppose -6*j + 2*j = 5*b + 14, 7 = -2*b - 3*j. Calculate the remainder when c(b) is divided by 18.
16
Suppose -2*p + 2 = -0*p. Calculate the remainder when 35 is divided by p*((2 - 4) + 11).
8
Let r(l) = -l**3 - 8*l**2 + 49*l - 2. Let q = 14 + -8. What is the remainder when q is divided by r(4)?
0
Let i = -344 + 363. What is the remainder when 339 is divided by i?
16
Let q = 684 + -200. Calculate the remainder when q is divided by 54.
52
Let s(a) = -a**3 - 5*a**2 - 4*a + 2. Let o be s(-3). What is the remainder when 28 is divided by 9/6 + (-54)/o?
13
Let n = 221 - 179. What is the remainder when n is divided by 15?
12
Let t be (21/(-15))/(3/(-15)). What is the remainder when 61 is divided by (-4)/(-7) - (-108)/t?
13
Let v = 11 - 1. Suppose -10 = -z + 6*z. Let m = 6 + z. What is the remainder when v is divided by m?
2
Suppose 0 = -2*a - 10, 0 = -3*d + 12*a - 7*a + 100. What is the remainder when d is divided by 8?
1
Suppose 0 = -4*p + 2*p - 4, d - 74 = 5*p. Suppose 8 = -2*i + d. Cal